{"id":326,"date":"2025-06-18T11:32:22","date_gmt":"2025-06-18T09:32:22","guid":{"rendered":"https:\/\/cojeni-beton-cire.fr\/?page_id=326"},"modified":"2026-02-06T16:11:41","modified_gmt":"2026-02-06T15:11:41","slug":"actualites","status":"publish","type":"page","link":"https:\/\/cojeni-beton-cire.fr\/index.php\/actualites\/","title":{"rendered":"ACTUALIT\u00c9S"},"content":{"rendered":"<p>[et_pb_section fb_built=&#8221;1&#8243; custom_padding_last_edited=&#8221;off|desktop&#8221; admin_label=&#8221;Header&#8221; _builder_version=&#8221;4.16&#8243; background_color_gradient_direction=&#8221;188deg&#8221; background_image=&#8221;http:\/\/cojeni-beton-cire.fr\/wp-content\/uploads\/2025\/03\/art-gallery-55.jpg&#8221; background_size=&#8221;initial&#8221; background_repeat=&#8221;repeat&#8221; width=&#8221;100%&#8221; custom_padding=&#8221;0px||0px|||&#8221; custom_padding_tablet=&#8221;5vw||5vw||true&#8221; global_colors_info=&#8221;{}&#8221;][et_pb_row custom_padding_last_edited=&#8221;off|phone&#8221; _builder_version=&#8221;4.16&#8243; background_position=&#8221;bottom_center&#8221; custom_padding_tablet=&#8221;17vw||17vw||false&#8221; use_custom_width=&#8221;on&#8221; width_unit=&#8221;off&#8221; custom_width_percent=&#8221;100%&#8221; locked=&#8221;off&#8221; global_colors_info=&#8221;{}&#8221;][et_pb_column type=&#8221;4_4&#8243; _builder_version=&#8221;4.16&#8243; custom_padding=&#8221;|||&#8221; global_colors_info=&#8221;{}&#8221; custom_padding__hover=&#8221;|||&#8221;][et_pb_text _builder_version=&#8221;4.27.4&#8243; text_font=&#8221;||||||||&#8221; header_font=&#8221;||||||||&#8221; header_2_font=&#8221;Prata|500|||||||&#8221; header_2_text_align=&#8221;left&#8221; header_2_font_size=&#8221;56px&#8221; header_2_line_height=&#8221;1.3em&#8221; header_4_font=&#8221;|700|||||||&#8221; header_4_font_size=&#8221;16px&#8221; header_4_line_height=&#8221;1.2em&#8221; transform_scale_tablet=&#8221;&#8221; transform_scale_phone=&#8221;&#8221; transform_scale_last_edited=&#8221;on|phone&#8221; transform_translate=&#8221;200px|0px&#8221; transform_translate_tablet=&#8221;200px|0px&#8221; transform_translate_phone=&#8221;0px|0px&#8221; transform_translate_last_edited=&#8221;on|phone&#8221; transform_translate_linked=&#8221;off&#8221; transform_rotate_tablet=&#8221;&#8221; transform_rotate_phone=&#8221;&#8221; transform_rotate_last_edited=&#8221;on|phone&#8221; transform_skew_tablet=&#8221;&#8221; transform_skew_phone=&#8221;&#8221; transform_skew_last_edited=&#8221;on|phone&#8221; transform_origin_tablet=&#8221;&#8221; transform_origin_phone=&#8221;&#8221; transform_origin_last_edited=&#8221;on|phone&#8221; transform_styles_last_edited=&#8221;on|phone&#8221; text_orientation=&#8221;center&#8221; max_width=&#8221;700px&#8221; max_width_tablet=&#8221;70%&#8221; max_width_last_edited=&#8221;off|phone&#8221; header_2_font_size_tablet=&#8221;40px&#8221; header_2_font_size_phone=&#8221;26px&#8221; header_2_font_size_last_edited=&#8221;on|desktop&#8221; transform_styles_tablet=&#8221;&#8221; transform_styles_phone=&#8221;&#8221; global_colors_info=&#8221;{}&#8221;]<\/p>\n<h2 style=\"text-align: center;\">Notre actualit\u00e9 !<\/h2>\n<p data-start=\"177\" data-end=\"510\">Chez <strong data-start=\"182\" data-end=\"192\">Cojeni<\/strong>, nous ne cessons de faire \u00e9voluer notre savoir-faire et de nourrir notre inspiration au fil des projets, des rencontres et des tendances. Cette rubrique est l\u2019occasion de vous partager les derni\u00e8res nouveaut\u00e9s de notre univers : chantiers en cours, nouvelles teintes, innovations produits ou encore inspirations d\u00e9co.<br \/>R\u00e9guli\u00e8rement, nous vous donnerons ici un aper\u00e7u de nos r\u00e9alisations les plus r\u00e9centes, des conseils techniques, et des \u00e9v\u00e9nements auxquels nous participons.<br data-start=\"669\" data-end=\"672\" \/>Restez connect\u00e9s pour suivre l\u2019\u00e9volution de nos cr\u00e9ations en b\u00e9ton cir\u00e9 et peinture \u00e0 la chaux, et d\u00e9couvrir comment ces mati\u00e8res vivantes transforment vos espaces avec caract\u00e8re et \u00e9l\u00e9gance.<\/p>\n<p>[\/et_pb_text][\/et_pb_column][\/et_pb_row][\/et_pb_section][et_pb_section fb_built=&#8221;1&#8243; custom_padding_last_edited=&#8221;off|desktop&#8221; admin_label=&#8221;Work&#8221; _builder_version=&#8221;4.16&#8243; background_color_gradient_direction=&#8221;188deg&#8221; background_image=&#8221;http:\/\/cojeni-beton-cire.fr\/wp-content\/uploads\/2025\/03\/art-gallery-55.jpg&#8221; background_size=&#8221;initial&#8221; background_repeat=&#8221;repeat&#8221; width=&#8221;100%&#8221; custom_padding=&#8221;0px|||||&#8221; custom_padding_tablet=&#8221;5vw||5vw||true&#8221; global_colors_info=&#8221;{}&#8221;][et_pb_row column_structure=&#8221;1_3,1_3,1_3&#8243; _builder_version=&#8221;4.27.4&#8243; global_colors_info=&#8221;{}&#8221;][et_pb_column type=&#8221;1_3&#8243; _builder_version=&#8221;4.16&#8243; custom_padding=&#8221;|||&#8221; global_colors_info=&#8221;{}&#8221; custom_padding__hover=&#8221;|||&#8221;][et_pb_image src=&#8221;http:\/\/cojeni-beton-cire.fr\/wp-content\/uploads\/2025\/06\/COJENI-ACTUALITES-1.jpg&#8221; title_text=&#8221;COJENI-ACTUALITES-1&#8243; url=&#8221;https:\/\/www.instagram.com\/p\/DT7s3GJjYh3\/&#8221; url_new_window=&#8221;on&#8221; align=&#8221;center&#8221; _builder_version=&#8221;4.27.4&#8243; hover_enabled=&#8221;0&#8243; global_colors_info=&#8221;{}&#8221; sticky_enabled=&#8221;0&#8243;][\/et_pb_image][et_pb_text ul_position=&#8221;inside&#8221; _builder_version=&#8221;4.27.4&#8243; text_font=&#8221;||||||||&#8221; ul_font=&#8221;||||||||&#8221; header_font=&#8221;|700|||||||&#8221; header_font_size=&#8221;20px&#8221; header_line_height=&#8221;1.3em&#8221; header_3_font=&#8221;|700|||||||&#8221; header_3_font_size=&#8221;14px&#8221; header_3_line_height=&#8221;1.3em&#8221; transform_translate_linked=&#8221;off&#8221; text_orientation=&#8221;center&#8221; link_option_url=&#8221;https:\/\/www.instagram.com\/p\/DT7s3GJjYh3\/&#8221; link_option_url_new_window=&#8221;on&#8221; hover_enabled=&#8221;0&#8243; text_text_align=&#8221;center&#8221; locked=&#8221;off&#8221; global_colors_info=&#8221;{}&#8221; sticky_enabled=&#8221;0&#8243;]<\/p>\n<h3><span>Nos coaching en travaux, en vid\u00e9o !<\/span><\/h3>\n<p><span>D\u00e9couvrez notre nouveau service en vid\u00e9o,<br \/>le coaching en travaux by Nicolas !\u00a0<\/span><\/p>\n<p>[\/et_pb_text][\/et_pb_column][et_pb_column type=&#8221;1_3&#8243; _builder_version=&#8221;4.27.4&#8243; custom_padding=&#8221;|||&#8221; link_option_url=&#8221;https:\/\/cojeni-beton-cire.fr\/index.php\/2025\/12\/15\/article-1-beton-cire\/&#8221; global_colors_info=&#8221;{}&#8221; custom_padding__hover=&#8221;|||&#8221;][et_pb_image src=&#8221;http:\/\/cojeni-beton-cire.fr\/wp-content\/uploads\/2025\/03\/COJENI-BETON-CIRE-1.jpg&#8221; alt=&#8221;Plan de travail et sol en b\u00e9ton cir\u00e9 clair dans une cuisine moderne \u2013 projet Cojeni \u00e0 Salon-de-Provence&#8221; title_text=&#8221;COJENI-BETON-CIRE-1&#8243; url=&#8221;https:\/\/www.instagram.com\/p\/DK0J38OMGKt\/?utm_source=ig_web_copy_link&#038;igsh=MzRlODBiNWFlZA==&#8221; url_new_window=&#8221;on&#8221; align=&#8221;center&#8221; _builder_version=&#8221;4.27.4&#8243; global_colors_info=&#8221;{}&#8221;][\/et_pb_image][et_pb_text ul_position=&#8221;inside&#8221; _builder_version=&#8221;4.27.4&#8243; text_font=&#8221;||||||||&#8221; ul_font=&#8221;||||||||&#8221; header_font=&#8221;|700|||||||&#8221; header_font_size=&#8221;20px&#8221; header_line_height=&#8221;1.3em&#8221; header_3_font=&#8221;|700|||||||&#8221; header_3_font_size=&#8221;14px&#8221; header_3_line_height=&#8221;1.3em&#8221; text_orientation=&#8221;center&#8221; link_option_url=&#8221;https:\/\/www.instagram.com\/p\/DK0J38OMGKt\/?utm_source=ig_web_copy_link&#038;igsh=MzRlODBiNWFlZA==&#8221; link_option_url_new_window=&#8221;on&#8221; text_text_align=&#8221;center&#8221; locked=&#8221;off&#8221; global_colors_info=&#8221;{}&#8221;]<\/p>\n<h3><span>Article 1 &#8211; B\u00e9ton Cir\u00e9<\/span><\/h3>\n<p><span>Pourquoi le b\u00e9ton cir\u00e9 est le rev\u00eatement id\u00e9al \u00e0 Salon De Provence ?<\/span><\/p>\n<p>[\/et_pb_text][\/et_pb_column][et_pb_column type=&#8221;1_3&#8243; _builder_version=&#8221;4.16&#8243; custom_padding=&#8221;|||&#8221; global_colors_info=&#8221;{}&#8221; custom_padding__hover=&#8221;|||&#8221;][et_pb_image src=&#8221;http:\/\/cojeni-beton-cire.fr\/wp-content\/uploads\/2025\/06\/COJENI-ACTUALITES-2.jpg&#8221; title_text=&#8221;COJENI-ACTUALITES-2&#8243; url=&#8221;https:\/\/www.instagram.com\/p\/DK0J38OMGKt\/?utm_source=ig_web_copy_link&#038;igsh=MzRlODBiNWFlZA==&#8221; url_new_window=&#8221;on&#8221; align=&#8221;center&#8221; _builder_version=&#8221;4.27.4&#8243; global_colors_info=&#8221;{}&#8221;][\/et_pb_image][et_pb_text ul_position=&#8221;inside&#8221; _builder_version=&#8221;4.27.4&#8243; text_font=&#8221;||||||||&#8221; ul_font=&#8221;||||||||&#8221; header_font=&#8221;|700|||||||&#8221; header_font_size=&#8221;20px&#8221; header_line_height=&#8221;1.3em&#8221; header_3_font=&#8221;|700|||||||&#8221; header_3_font_size=&#8221;14px&#8221; header_3_line_height=&#8221;1.3em&#8221; text_orientation=&#8221;center&#8221; link_option_url=&#8221;https:\/\/www.instagram.com\/p\/DK0J38OMGKt\/?utm_source=ig_web_copy_link&#038;igsh=MzRlODBiNWFlZA==&#8221; link_option_url_new_window=&#8221;on&#8221; text_text_align=&#8221;center&#8221; locked=&#8221;off&#8221; global_colors_info=&#8221;{}&#8221;]<\/p>\n<h3><span>Et si votre salle de bain devenait une pi\u00e8ce ma\u00eetresse ?<\/span><\/h3>\n<p><span>Avec le b\u00e9ton cir\u00e9, Cojeni transforme les espaces d\u2019eau en v\u00e9ritables havres de style<\/span><\/p>\n<p>[\/et_pb_text][\/et_pb_column][\/et_pb_row][\/et_pb_section][et_pb_section fb_built=&#8221;1&#8243; admin_label=&#8221;Footer&#8221; _builder_version=&#8221;4.16&#8243; background_size=&#8221;initial&#8221; background_repeat=&#8221;repeat-y&#8221; custom_padding=&#8221;0px|||||&#8221; saved_tabs=&#8221;all&#8221; locked=&#8221;off&#8221; global_colors_info=&#8221;{}&#8221;][et_pb_row column_structure=&#8221;1_3,1_3,1_3&#8243; use_custom_gutter=&#8221;on&#8221; gutter_width=&#8221;2&#8243; _builder_version=&#8221;4.27.4&#8243; width=&#8221;85%&#8221; border_width_top=&#8221;2px&#8221; global_colors_info=&#8221;{}&#8221;][et_pb_column type=&#8221;1_3&#8243; _builder_version=&#8221;4.16&#8243; custom_padding=&#8221;|||&#8221; global_colors_info=&#8221;{}&#8221; custom_padding__hover=&#8221;|||&#8221;][et_pb_text _builder_version=&#8221;4.27.4&#8243; text_font=&#8221;||||||||&#8221; text_font_size=&#8221;12px&#8221; text_line_height=&#8221;2em&#8221; link_font=&#8221;||||on||||&#8221; link_text_color=&#8221;#666666&#8243; header_font=&#8221;||||||||&#8221; header_text_align=&#8221;left&#8221; header_3_font=&#8221;|700||on|||||&#8221; header_3_font_size=&#8221;12px&#8221; header_3_letter_spacing=&#8221;5px&#8221; header_3_line_height=&#8221;1.8em&#8221; max_width_tablet=&#8221;70%&#8221; max_width_last_edited=&#8221;off|phone&#8221; header_3_font_size_tablet=&#8221;&#8221; header_3_font_size_phone=&#8221;&#8221; header_3_font_size_last_edited=&#8221;on|desktop&#8221; locked=&#8221;off&#8221; global_colors_info=&#8221;{}&#8221;]<\/p>\n<h3 style=\"text-align: center;\">Adresse<\/h3>\n<p style=\"text-align: center;\"><span class=\"adresse\">4 Place Jean Jaur\u00e8s <br span=\"\" \/><span class=\"ville\">13450 &#8211; Grans<\/span><\/span><\/p>\n<p>[\/et_pb_text][\/et_pb_column][et_pb_column type=&#8221;1_3&#8243; _builder_version=&#8221;4.16&#8243; custom_padding=&#8221;|||&#8221; global_colors_info=&#8221;{}&#8221; custom_padding__hover=&#8221;|||&#8221;][et_pb_text _builder_version=&#8221;4.27.4&#8243; text_font=&#8221;||||||||&#8221; text_font_size=&#8221;12px&#8221; text_line_height=&#8221;2em&#8221; link_font=&#8221;||||on||||&#8221; link_text_color=&#8221;#666666&#8243; header_font=&#8221;||||||||&#8221; header_text_align=&#8221;left&#8221; header_3_font=&#8221;|700||on|||||&#8221; header_3_font_size=&#8221;12px&#8221; header_3_letter_spacing=&#8221;5px&#8221; header_3_line_height=&#8221;1.8em&#8221; max_width_tablet=&#8221;70%&#8221; max_width_last_edited=&#8221;off|phone&#8221; header_3_font_size_tablet=&#8221;&#8221; header_3_font_size_phone=&#8221;&#8221; header_3_font_size_last_edited=&#8221;on|desktop&#8221; locked=&#8221;off&#8221; global_colors_info=&#8221;{}&#8221;]<\/p>\n<h3 style=\"text-align: center;\">HORAIRES<\/h3>\n<p style=\"text-align: center;\">Lundi &#8211; Vendredi : 8h00 &#8211; 18h00<br \/>Weekends : Ferm\u00e9<\/p>\n<p>[\/et_pb_text][\/et_pb_column][et_pb_column type=&#8221;1_3&#8243; _builder_version=&#8221;4.16&#8243; custom_padding=&#8221;|||&#8221; global_colors_info=&#8221;{}&#8221; custom_padding__hover=&#8221;|||&#8221;][et_pb_text _builder_version=&#8221;4.27.4&#8243; text_font=&#8221;||||||||&#8221; text_font_size=&#8221;12px&#8221; text_line_height=&#8221;2em&#8221; link_font=&#8221;||||on||||&#8221; link_text_color=&#8221;#666666&#8243; header_font=&#8221;||||||||&#8221; header_text_align=&#8221;left&#8221; header_2_font=&#8221;||||||||&#8221; header_3_font=&#8221;|700||on|||||&#8221; header_3_font_size=&#8221;12px&#8221; header_3_letter_spacing=&#8221;5px&#8221; header_3_line_height=&#8221;1.8em&#8221; max_width_tablet=&#8221;70%&#8221; max_width_last_edited=&#8221;off|phone&#8221; header_3_font_size_tablet=&#8221;&#8221; header_3_font_size_phone=&#8221;&#8221; header_3_font_size_last_edited=&#8221;on|desktop&#8221; locked=&#8221;off&#8221; global_colors_info=&#8221;{}&#8221;]<\/p>\n<h3 style=\"text-align: center;\">NOUS SUIVRE<\/h3>\n<p>[\/et_pb_text][et_pb_social_media_follow _builder_version=&#8221;4.27.4&#8243; text_orientation=&#8221;center&#8221; custom_margin=&#8221;-20px|||-10px&#8221; custom_margin_tablet=&#8221;&#8221; custom_margin_phone=&#8221;-20px||&#8221; custom_margin_last_edited=&#8221;on|desktop&#8221; filter_invert=&#8221;100%&#8221; locked=&#8221;off&#8221; global_colors_info=&#8221;{}&#8221; icon_color__hover=&#8221;#e02b20&#8243;][et_pb_social_media_follow_network social_network=&#8221;facebook&#8221; url=&#8221;https:\/\/fr-fr.facebook.com\/COJENIMaconnerieGrans\/&#8221; _builder_version=&#8221;4.27.4&#8243; global_colors_info=&#8221;{}&#8221; follow_button=&#8221;off&#8221; url_new_window=&#8221;on&#8221;]facebook[\/et_pb_social_media_follow_network][et_pb_social_media_follow_network social_network=&#8221;google-plus&#8221; url=&#8221;https:\/\/g.co\/kgs\/YxqHNKt&#8221; _builder_version=&#8221;4.27.4&#8243; global_colors_info=&#8221;{}&#8221; follow_button=&#8221;off&#8221; url_new_window=&#8221;on&#8221;]google-plus[\/et_pb_social_media_follow_network][et_pb_social_media_follow_network social_network=&#8221;instagram&#8221; url=&#8221;https:\/\/www.instagram.com\/cojenibetoncire\/&#8221; _builder_version=&#8221;4.27.4&#8243; global_colors_info=&#8221;{}&#8221; follow_button=&#8221;off&#8221; url_new_window=&#8221;on&#8221;]instagram[\/et_pb_social_media_follow_network][\/et_pb_social_media_follow][\/et_pb_column][\/et_pb_row][\/et_pb_section]<\/p>\n","protected":false},"excerpt":{"rendered":"<p>Notre actualit\u00e9 ! Chez Cojeni, nous ne cessons de faire \u00e9voluer notre savoir-faire et de nourrir notre inspiration au fil des projets, des rencontres et des tendances. Cette rubrique est l\u2019occasion de vous partager les derni\u00e8res nouveaut\u00e9s de notre univers : chantiers en cours, nouvelles teintes, innovations produits ou encore inspirations d\u00e9co.R\u00e9guli\u00e8rement, nous vous donnerons [&hellip;]<\/p>\n","protected":false},"author":1,"featured_media":0,"parent":0,"menu_order":0,"comment_status":"closed","ping_status":"closed","template":"","meta":{"_et_pb_use_builder":"on","_et_pb_old_content":"","_et_gb_content_width":"","footnotes":""},"class_list":["post-326","page","type-page","status-publish","hentry"],"yoast_head":"<!-- This site is optimized with the Yoast SEO plugin v25.1 - https:\/\/yoast.com\/wordpress\/plugins\/seo\/ -->\n<title>ACTUALIT\u00c9S - COJENI BETON CIRE<\/title>\n<meta name=\"robots\" content=\"index, follow, max-snippet:-1, max-image-preview:large, max-video-preview:-1\" \/>\n<link rel=\"canonical\" href=\"https:\/\/cojeni-beton-cire.fr\/index.php\/actualites\/\" \/>\n<meta property=\"og:locale\" content=\"en_US\" \/>\n<meta property=\"og:type\" content=\"article\" \/>\n<meta property=\"og:title\" content=\"ACTUALIT\u00c9S - COJENI BETON CIRE\" \/>\n<meta property=\"og:description\" content=\"Notre actualit\u00e9 ! Chez Cojeni, nous ne cessons de faire \u00e9voluer notre savoir-faire et de nourrir notre inspiration au fil des projets, des rencontres et des tendances. Cette rubrique est l\u2019occasion de vous partager les derni\u00e8res nouveaut\u00e9s de notre univers : chantiers en cours, nouvelles teintes, innovations produits ou encore inspirations d\u00e9co.R\u00e9guli\u00e8rement, nous vous donnerons [&hellip;]\" \/>\n<meta property=\"og:url\" content=\"https:\/\/cojeni-beton-cire.fr\/index.php\/actualites\/\" \/>\n<meta property=\"og:site_name\" content=\"COJENI BETON CIRE\" \/>\n<meta property=\"article:modified_time\" content=\"2026-02-06T15:11:41+00:00\" \/>\n<meta name=\"twitter:card\" content=\"summary_large_image\" \/>\n<meta name=\"twitter:label1\" content=\"Est. reading time\" \/>\n\t<meta name=\"twitter:data1\" content=\"2 minutes\" \/>\n<script type=\"application\/ld+json\" class=\"yoast-schema-graph\">{\"@context\":\"https:\/\/schema.org\",\"@graph\":[{\"@type\":\"WebPage\",\"@id\":\"https:\/\/cojeni-beton-cire.fr\/index.php\/actualites\/\",\"url\":\"https:\/\/cojeni-beton-cire.fr\/index.php\/actualites\/\",\"name\":\"ACTUALIT\u00c9S - COJENI BETON CIRE\",\"isPartOf\":{\"@id\":\"https:\/\/cojeni-beton-cire.fr\/#website\"},\"datePublished\":\"2025-06-18T09:32:22+00:00\",\"dateModified\":\"2026-02-06T15:11:41+00:00\",\"breadcrumb\":{\"@id\":\"https:\/\/cojeni-beton-cire.fr\/index.php\/actualites\/#breadcrumb\"},\"inLanguage\":\"en-US\",\"potentialAction\":[{\"@type\":\"ReadAction\",\"target\":[\"https:\/\/cojeni-beton-cire.fr\/index.php\/actualites\/\"]}]},{\"@type\":\"BreadcrumbList\",\"@id\":\"https:\/\/cojeni-beton-cire.fr\/index.php\/actualites\/#breadcrumb\",\"itemListElement\":[{\"@type\":\"ListItem\",\"position\":1,\"name\":\"Accueil\",\"item\":\"https:\/\/cojeni-beton-cire.fr\/\"},{\"@type\":\"ListItem\",\"position\":2,\"name\":\"ACTUALIT\u00c9S\"}]},{\"@type\":\"WebSite\",\"@id\":\"https:\/\/cojeni-beton-cire.fr\/#website\",\"url\":\"https:\/\/cojeni-beton-cire.fr\/\",\"name\":\"COJENI BETON CIRE\",\"description\":\"Sp\u00e9cialistes en b\u00e9ton cir\u00e9\",\"potentialAction\":[{\"@type\":\"SearchAction\",\"target\":{\"@type\":\"EntryPoint\",\"urlTemplate\":\"https:\/\/cojeni-beton-cire.fr\/?s={search_term_string}\"},\"query-input\":{\"@type\":\"PropertyValueSpecification\",\"valueRequired\":true,\"valueName\":\"search_term_string\"}}],\"inLanguage\":\"en-US\"}]}<\/script>\n<!-- \/ Yoast SEO plugin. -->","yoast_head_json":{"title":"ACTUALIT\u00c9S - COJENI BETON CIRE","robots":{"index":"index","follow":"follow","max-snippet":"max-snippet:-1","max-image-preview":"max-image-preview:large","max-video-preview":"max-video-preview:-1"},"canonical":"https:\/\/cojeni-beton-cire.fr\/index.php\/actualites\/","og_locale":"en_US","og_type":"article","og_title":"ACTUALIT\u00c9S - COJENI BETON CIRE","og_description":"Notre actualit\u00e9 ! Chez Cojeni, nous ne cessons de faire \u00e9voluer notre savoir-faire et de nourrir notre inspiration au fil des projets, des rencontres et des tendances. Cette rubrique est l\u2019occasion de vous partager les derni\u00e8res nouveaut\u00e9s de notre univers : chantiers en cours, nouvelles teintes, innovations produits ou encore inspirations d\u00e9co.R\u00e9guli\u00e8rement, nous vous donnerons [&hellip;]","og_url":"https:\/\/cojeni-beton-cire.fr\/index.php\/actualites\/","og_site_name":"COJENI BETON CIRE","article_modified_time":"2026-02-06T15:11:41+00:00","twitter_card":"summary_large_image","twitter_misc":{"Est. reading time":"2 minutes"},"schema":{"@context":"https:\/\/schema.org","@graph":[{"@type":"WebPage","@id":"https:\/\/cojeni-beton-cire.fr\/index.php\/actualites\/","url":"https:\/\/cojeni-beton-cire.fr\/index.php\/actualites\/","name":"ACTUALIT\u00c9S - COJENI BETON CIRE","isPartOf":{"@id":"https:\/\/cojeni-beton-cire.fr\/#website"},"datePublished":"2025-06-18T09:32:22+00:00","dateModified":"2026-02-06T15:11:41+00:00","breadcrumb":{"@id":"https:\/\/cojeni-beton-cire.fr\/index.php\/actualites\/#breadcrumb"},"inLanguage":"en-US","potentialAction":[{"@type":"ReadAction","target":["https:\/\/cojeni-beton-cire.fr\/index.php\/actualites\/"]}]},{"@type":"BreadcrumbList","@id":"https:\/\/cojeni-beton-cire.fr\/index.php\/actualites\/#breadcrumb","itemListElement":[{"@type":"ListItem","position":1,"name":"Accueil","item":"https:\/\/cojeni-beton-cire.fr\/"},{"@type":"ListItem","position":2,"name":"ACTUALIT\u00c9S"}]},{"@type":"WebSite","@id":"https:\/\/cojeni-beton-cire.fr\/#website","url":"https:\/\/cojeni-beton-cire.fr\/","name":"COJENI BETON CIRE","description":"Sp\u00e9cialistes en b\u00e9ton cir\u00e9","potentialAction":[{"@type":"SearchAction","target":{"@type":"EntryPoint","urlTemplate":"https:\/\/cojeni-beton-cire.fr\/?s={search_term_string}"},"query-input":{"@type":"PropertyValueSpecification","valueRequired":true,"valueName":"search_term_string"}}],"inLanguage":"en-US"}]}},"jetpack_sharing_enabled":true,"_links":{"self":[{"href":"https:\/\/cojeni-beton-cire.fr\/index.php\/wp-json\/wp\/v2\/pages\/326","targetHints":{"allow":["GET"]}}],"collection":[{"href":"https:\/\/cojeni-beton-cire.fr\/index.php\/wp-json\/wp\/v2\/pages"}],"about":[{"href":"https:\/\/cojeni-beton-cire.fr\/index.php\/wp-json\/wp\/v2\/types\/page"}],"author":[{"embeddable":true,"href":"https:\/\/cojeni-beton-cire.fr\/index.php\/wp-json\/wp\/v2\/users\/1"}],"replies":[{"embeddable":true,"href":"https:\/\/cojeni-beton-cire.fr\/index.php\/wp-json\/wp\/v2\/comments?post=326"}],"version-history":[{"count":22,"href":"https:\/\/cojeni-beton-cire.fr\/index.php\/wp-json\/wp\/v2\/pages\/326\/revisions"}],"predecessor-version":[{"id":590,"href":"https:\/\/cojeni-beton-cire.fr\/index.php\/wp-json\/wp\/v2\/pages\/326\/revisions\/590"}],"wp:attachment":[{"href":"https:\/\/cojeni-beton-cire.fr\/index.php\/wp-json\/wp\/v2\/media?parent=326"}],"curies":[{"name":"wp","href":"https:\/\/api.w.org\/{rel}","templated":true}]}}